factor of 1364?
False
Does 684 divide 177820?
False
Does 7 divide 241619?
True
Is 160 a factor of 14536122?
False
Is 12950 a multiple of 27?
False
Is 886113 a multiple of 6?
False
Does 9 divide 9326698?
False
Does 33 divide 190278?
True
Does 221 divide 3197870?
True
Is 64968 a multiple of 3?
True
Is 24831 a multiple of 279?
True
Is 561322 a multiple of 122?
True
Does 20 divide 259093?
False
Is 163 a factor of 662262?
False
Is 5 a factor of 15341974?
False
Is 307 a factor of 5379471?
False
Does 120 divide 89760?
True
Is 14953 a multiple of 17?
False
Is 22 a factor of 1963498?
False
Is 128 a factor of 23554560?
True
Is 1362781 a multiple of 7?
True
Is 22 a factor of 652958?
False
Is 726512 a multiple of 397?
False
Is 9 a factor of 366166?
False
Is 13 a factor of 1121068?
True
Does 49 divide 48020?
True
Does 133 divide 1117599?
True
Does 17 divide 825548?
False
Is 34 a factor of 396508?
True
Does 24 divide 530571?
False
Does 420 divide 862374?
False
Is 602096 a multiple of 16?
True
Does 13 divide 820911?
True
Is 4 a factor of 584280?
True
Is 5400 a multiple of 147?
False
Is 142 a factor of 20448?
True
Is 22 a factor of 2491950?
False
Is 338 a factor of 1112166?
False
Is 198433 a multiple of 36?
False
Does 207 divide 1795104?
True
Does 95 divide 1045?
True
Is 5 a factor of 24155?
True
Does 4 divide 617832?
True
Is 202272 a multiple of 336?
True
Does 38 divide 30984?
False
Is 154171 a multiple of 66?
False
Is 16 a factor of 200736?
True
Is 174 a factor of 2020140?
True
Does 7 divide 2108247?
False
Does 3 divide 1161?
True
Is 66 a factor of 8976?
True
Does 7 divide 2912?
True
Is 3826746 a multiple of 63?
True
Is 347060 a multiple of 74?
True
Does 181 divide 3427235?
True
Does 10 divide 252654?
False
Does 2 divide 113485?
False
Is 9 a factor of 3266064?
True
Is 119328 a multiple of 24?
True
Does 96 divide 7921934?
False
Is 4586427 a multiple of 362?
False
Does 42 divide 43582?
False
Does 130 divide 1861892?
False
Is 3 a factor of 516113?
False
Is 4 a factor of 80885?
False
Does 76 divide 1981269?
False
Is 15409632 a multiple of 23?
True
Is 13 a factor of 224115?
False
Is 14925 even?
False
Is 200 a factor of 1535132?
False
Is 202 a factor of 36345?
False
Is 17028483 a multiple of 634?
False
Is 445 a factor of 3372655?
True
Does 9 divide 3120334?
False
Is 1279105 a multiple of 9?
False
Is 11996 a multiple of 6?
False
Is 22016 a multiple of 5?
False
Is 1322034 a multiple of 28?
False
Does 3 divide 40281?
True
Is 173 a factor of 5423048?
False
Does 647 divide 890919?
True
Does 471 divide 1376574?
False
Is 4369285 a multiple of 2746?
False
Does 37 divide 849224?
True
Does 28 divide 140392?
True
Is 400 a factor of 2349600?
True
Is 2830867 a multiple of 19?
True
Does 75 divide 4238025?
True
Does 684 divide 769884?
False
Is 606294 a multiple of 6?
True
Does 564 divide 826054?
False
Is 9 a factor of 1395684?
True
Does 8 divide 316910?
False
Is 713978 a multiple of 56?
False
Is 304895 a multiple of 289?
True
Is 4592511 a multiple of 1227?
False
Is 7189686 a multiple of 947?
False
Is 23 a factor of 984744?
False
Does 23 divide 1354902?
False
Does 69 divide 189612?
True
Is 2184032 a multiple of 1042?
True
Is 4653390 a multiple of 35?
True
Is 13209450 a multiple of 30?
True
Is 99 a factor of 35046?
True
Is 29 a factor of 270454?
True
Is 14 a factor of 160297?
False
Is 188 a factor of 779409?
False
Is 11 a factor of 461491?
False
Does 179 divide 158134?
False
Is 144 a factor of 11252221?
False
Is 570 a factor of 234270?
True
Is 271 a factor of 2886011?
False
Does 69 divide 2336547?
True
Is 8538729 a multiple of 17?
False
Does 34 divide 527680?
True
Is 107982 a multiple of 14?
True
Does 464 divide 438016?
True
Is 538096 a multiple of 208?
True
Is 22785525 a multiple of 1173?
True
Does 5 divide 237108?
False
Is 198809 a multiple of 91?
False
Is 5080215 a multiple of 105?
True
Does 13 divide 5907335?
False
Is 103 a factor of 1655107?
True
Does 26 divide 2015531?
False
Does 137 divide 173990?
True
Is 470 a factor of 1696230?
True
Does 48 divide 2253643?
False
Is 11305075 a multiple of 25?
True
Does 8 divide 190216?
True
Is 35 a factor of 292565?
True
Is 248685 a multiple of 295?
True
Does 1211 divide 1664411?
False
Is 571584 a multiple of 52?
True
Is 1981100 a multiple of 275?
True
Does 6 divide 39690?
True
Is 4983150 a multiple of 50?
True
Is 18378811 a multiple of 121?
True
Does 217 divide 246744?
False
Is 77 a factor of 150227?
True
Is 9 a factor of 93144?
False
Does 65 divide 38480?
True
Is 495860 a multiple of 20?
True
Is 202390 a multiple of 10?
True
Is 1465 a factor of 4819850?
True
Is 218 a factor of 465148?
False
Is 1549419 a multiple of 7?
False
Is 1206 a factor of 2345711?
False
Is 21 a factor of 681159?
False
Is 23 a factor of 59010?
False
Is 6 a factor of 3498?
True
Is 40 a factor of 841960?
True
Is 14 a factor of 258271?
False
Is 2090 a factor of 24668270?
True
Does 23 divide 189083?
True
Is 1660 a factor of 4849771?
False
Does 217 divide 799976?
False
Is 191 a factor of 151332?
False
Is 2248002 a multiple of 933?
False
Does 715 divide 750750?
True
Is 32 a factor of 2303871?
False
Is 70980 a multiple of 42?
True
Does 447 divide 24224841?
False
Does 35 divide 74566?
False
Is 354747 a multiple of 484?
False
Is 9 a factor of 4901445?
True
Is 95 a factor of 198374?
False
Does 7 divide 151760?
True
Does 27 divide 2207736?
True
Is 1739464 a multiple of 8?
True
Is 711726 a multiple of 309?
False
Is 1235481 a multiple of 79?
True
Does 12 divide 787121?
False
Is 44 a factor of 4349664?
True
Is 416886 a multiple of 384?
False
Is 91 a factor of 126672?
True
Does 16 divide 21810?
False
Does 72 divide 438754?
False
Is 168188 a multiple of 19?
True
Is 48 a factor of 101220?
False
Does 948 divide 1346160?
True
Is 9 a factor of 17270?
False
Does 82 divide 485607?
False
Is 2 a factor of 315097?
False
Does 20 divide 15671080?
True
Does 148 divide 8854840?
True
Is 36 a factor of 1781064?
True
Is 157380 a multiple of 183?
True
Is 12 a factor of 968280?
True
Does 18 divide 1186812?
True
Is 15 a factor of 553114?
False
Is 28 a factor of 535574?
False
Is 4068352 a multiple of 1024?
True
Is 13917040 a multiple of 328?
True
Is 213 a factor of 82213?
False
Does 66 divide 360492?
True
Does 552 divide 247848?
True
Is 101 a factor of 68279?
False
Is 47 a factor of 248410?
False
Does 15 divide 1074840?
True
Does 57 divide 396129?
False
Is 6 a factor of 330727?
False
Does 692 divide 9777398?
False
Is 11168837 a multiple of 22?
False
Does 2 divide 346061?
False
Is 1547374 a multiple of 17?
True
Is 676030 a multiple of 67?
True
Is 55131 a multiple of 391?
True
Is 84 a factor of 25149852?
True
Is 365 a factor of 501510?
True
Is 205638 a multiple of 3?
True
Is 8510 a multiple of 46?
True
Does 405 divide 291917?
False
Is 28 a factor of 336311?
False
Is 7614960 a multiple of 10?
True
Is 47 a factor of 13823?
False
Is 571 a factor of 264207?
False
Does 13 divide 1373689?
False
Is 1423023 a multiple of 382?
False
Is 71558 a multiple of 74?
True
Does 77 divide 89012?
True
Is 86 a factor of 4594034?
True
Is 699762 a multiple of 6?
True
Does 25 divide 306275?
True
Does 11 divide 17324?
False
Is 153 a factor of 1742670?
True
Does 5 divide 12101?
False
Is 600 a factor of 202977?
False
Is 301380 a multiple of 108?
False
Is 100688 a multiple of 31?
True
Is 219385 a multiple of 493?
True
Does 14 divide 1535954?
True
Is 88950 a multiple of 25?
True
Is 58801 a multiple of 127?
True
Does 6 divide 57395?
False
Does 9 divide 23049?
True
Is 1217454 a multiple of 98?
True
Is 491 a factor of 566451?
False
Is 2038575 a multiple of 77?
True
Is 282568 a multiple of 52?
True
Is 1377032 a multiple of 26?
False
Does 40 divide 104040?
True
Is 1452021 a multiple of 1207?
True
Does 167 divide 7640887?
False
Does 54 divide 8699925?
False
Is 27 a factor of 242028?
True
Does 38 divide 61028?
True
Is 138 a factor of 263470?
False
Is 647127 a multiple of 4?
False
Is 477643 a multiple of 67?
True
Is 3038978 a multiple of 59?
False
Is 443835 a multiple of 63?
True
Is 10 a factor of 17350?
True
Is 57792 a multiple of 301?
True
Does 416 divide 2929472?
True
Is 479697 a multiple of 25?
False
Does 121 divide 42806?
False
Does 417 divide 4833494?
False
Is 26 a factor of 524472?
True
Is 22776 a multiple of 4?
True
Is 811539 